{"id":24875,"date":"2026-04-28T15:17:54","date_gmt":"2026-04-28T18:17:54","guid":{"rendered":"https:\/\/atelierdossabores.com.br\/v2\/?post_type=product&#038;p=24875"},"modified":"2026-05-15T14:52:09","modified_gmt":"2026-05-15T17:52:09","slug":"kit-mes-das-maes","status":"publish","type":"product","link":"https:\/\/atelierdossabores.com.br\/v2\/produto\/kit-mes-das-maes\/","title":{"rendered":"Kit para as M\u00e3es"},"content":{"rendered":"<h2 style=\"text-align: center;\"><em><strong>Itens do Kit<\/strong><\/em><\/h2>\n<p>&nbsp;<\/p>\n<p><strong>Mini Torta Banana Crock<\/strong><\/p>\n<p>______________________________________________________________<\/p>\n<p><strong>Validade<\/strong>\u00a0(ap\u00f3s a data de fabrica\u00e7\u00e3o): 90 dias se congelado e 5 dias em refrigera\u00e7\u00e3o.<br \/>\nAp\u00f3s o degelo, orienta-se o consumo do produto, n\u00e3o devendo retornar ao freezer.<\/p>\n<p><strong>\u00a0Tempo m\u00e9dio de descongelamento deste produto:<\/strong>\u00a03 horas.<\/p>\n<p>______________________________________________________________<\/p>\n<p><strong>Ingredientes:<\/strong>\u00a0Leite condensado, banana, creme de leite, creme vegetal tipo chantilly (\u00e1gua, gordura vegetal de semente de palma hidrogenada, a\u00e7\u00facar, sal, estabilizantes hidroxipropilmetilcelulose, goma xantana, emulsificantes polisorbato 60, \u00e9steres de \u00e1cidos graxos com poliglicerol, lecitina de soja, estearoil lactato de s\u00f3dio, reguladores de acidez citrato de s\u00f3dio, fosfato diss\u00f3dico, aromatizantes, corantes urucum, c\u00farcuma), a\u00e7\u00facar, crocante de castanha -de -caju, gema de ovo, farinha de trigo enriquecida com ferro e \u00e1cido f\u00f3lico, clara de ovo, amido de milho, canela em p\u00f3, composto l\u00e1cteo com gordura vegetal, fermento qu\u00edmico (amido*, \u00f3leo vegetal, fermentos qu\u00edmicos pirofosfato \u00e1cido de s\u00f3dio, bicarbonato de s\u00f3dio e fosfato monoc\u00e1lcico e antiumectante di\u00f3xido de sil\u00edcio) e aroma.<br \/>\n*Agrobacterium sp., Agrobacterium tumefaciens\/Bacillus thuringiensis, Arabidopsis thaliana, Streptomyces viridochromogenes, Zea mays e Sphingobium herbicidorovans.<\/p>\n<p><strong>AL\u00c9RGICOS: CONT\u00c9M OVO, CASTANHA- DE -CAJU, DERIVADOS DE LEITE, DE TRIGO E DE SOJA. PODE CONTER AVEIA, AVEL\u00c3, AM\u00caNDOA, AMENDIM, CENTEIO, CEVADA, NOZES E PISTACHE.<br \/>\nCONT\u00c9M LACTOSE. CONT\u00c9M GL\u00daTEN.<\/strong><\/p>\n<p><img decoding=\"async\" class=\"aligncenter\" src=\"https:\/\/atelierdossabores.com.br\/zona-sul\/wp-content\/uploads\/sites\/6\/2020\/01\/tab-nutri-att-4.png\" \/><\/p>\n<p>&nbsp;<\/p>\n<p><strong>Mini Torta Alem\u00e3<\/strong><\/p>\n<p>______________________________________________________________<\/p>\n<p><strong>Validade<\/strong>\u00a0(ap\u00f3s a data de fabrica\u00e7\u00e3o): 60 dias se congelado e 5 dias em refrigera\u00e7\u00e3o.<br \/>\nAp\u00f3s o degelo, orienta-se o consumo do produto, n\u00e3o devendo retornar ao freezer.<\/p>\n<p><strong>\u00a0Tempo m\u00e9dio de descongelamento deste produto:<\/strong>\u00a02 horas.<\/p>\n<p>______________________________________________________________<\/p>\n<p><strong>Ingredientes:<\/strong>\u00a0Creme de leite (Creme de leite, leite em p\u00f3 desnatado, mistura de estabilizantes (celulose microcristalia, carragena e caboximetielcelulose s\u00f3dica), estabilizantes citrato de s\u00f3dio e fosfato diss\u00f3dico), a\u00e7\u00facar, margarina (Agrobacterium sp., Agrobacterium tumefaciens\/Bacillus thuringiensis, Arabidopsis thaliana, Streptomyces viridochromogenes, Zea mays), biscoito (farinha de trigo enriquecida com ferro e \u00e1cido f\u00f3lico, gordura vegetal, a\u00e7\u00facar, a\u00e7\u00facar invertido, amido*, soro de leite em p\u00f3, extrato de malte, sal, emulsificante lecitina de soja, fermentos qu\u00edmicos: bicarbonato de am\u00f4nio, bicarbonato de s\u00f3dio e fosfato monoc\u00e1lcico, melhorador de farinha metabissulfito de s\u00f3dio e aromatizantes. * Esp\u00e9cies doadoras do gene do amido de milho: Agrobacterium tumefaciens, Bacillus thuringiensis, Streptomyces viridochromogenes e Zea Mays), leite UHT integral , chocolate meio amargo, glucose e composto l\u00e1cteo com gordura vegetal.<\/p>\n<p><strong>AL\u00c9RGICOS: CONT\u00c9M OVO, DERIVADOS DE LEITE, DE TRIGO E DE SOJA. PODE CONTER CEVADA, AVEIA, AVEL\u00c3, CENTEIO, AMENDOIM, AM\u00caNDOA, CASTANHA- DE-CAJU, NOZES E PISTACHE.<br \/>\nCONT\u00c9M LACTOSE. CONT\u00c9M GL\u00daTEN.<\/strong><\/p>\n<p><img decoding=\"async\" class=\"aligncenter\" src=\"https:\/\/atelierdossabores.com.br\/zona-sul\/wp-content\/uploads\/sites\/6\/2020\/01\/tab-nutri-att-3.png\" \/><\/p>\n<p>&nbsp;<\/p>\n<p><strong>Mini Torta Brigadeiro Gourmet<\/strong><\/p>\n<p>______________________________________________________________<\/p>\n<p><strong>Validade<\/strong>\u00a0(ap\u00f3s a data de fabrica\u00e7\u00e3o): 60 dias se congelado e 5 dias em refrigera\u00e7\u00e3o.<br \/>\nAp\u00f3s o degelo, orienta-se o consumo do produto, n\u00e3o devendo retornar ao freezer.<\/p>\n<p><strong>\u00a0Tempo m\u00e9dio de descongelamento deste produto:<\/strong>\u00a02 horas.<\/p>\n<p>______________________________________________________________<\/p>\n<p><strong>Ingredientes:\u00a0<\/strong>Leite condensado (leite integral e\/ou leite em p\u00f3 integral reconstitu\u00eddo,a\u00e7\u00facar e lactose), a\u00e7\u00facar, farinha de trigo enriquecida com ferro e \u00e1cido f\u00f3lico, \u00e1gua, clara de ovo, achocolatado em p\u00f3 (Streptomyces viridochromogenes, Bacillus thuringiensis, Agrobacterium tumefaciens, Zea mays),gema de ovo, chocolate em p\u00f3, margarina (Agrobacterium sp., Agrobacterium tumefaciens\/Bacillus thuringiensis, Arabidopsis thaliana, Streptomyces viridochromogenes, Zea mays,fermento qu\u00edmico (amido*, \u00f3leo vegetal, fermentos qu\u00edmicos pirofosfato \u00e1cido de s\u00f3dio, bicarbonato de s\u00f3dio e fosfato monoc\u00e1lcico e antiumectante di\u00f3xido de sil\u00edcio), composto l\u00e1cteo com gordura vegetal.<\/p>\n<p>*Agrobacterium sp., Agrobacterium tumefaciens\/Bacillus thuringiensis, Arabidopsis thaliana, Streptomyces viridochromogenes, Zea mays e Sphingobium herbicidorovans.<\/p>\n<p><b>AL\u00c9RGICOS: CONT\u00c9M OVO, DERIVADOS DE LEITE, DE TRIGO E DE SOJA. PODE CONTER AVEIA, AVEL\u00c3, CENTEIO, CEVADA, AM\u00caNDOA, AMENDOIM, CASTANHA-DE-CAJU, NOZES E PISTACHE.<br \/>\nCONT\u00c9M LACTOSE. CONT\u00c9M GL\u00daTEN.<\/b><\/p>\n<p><img decoding=\"async\" class=\"aligncenter\" src=\"https:\/\/atelierdossabores.com.br\/zona-sul\/wp-content\/uploads\/sites\/6\/2020\/01\/tab-nutri-att-9.png\" \/><\/p>\n<p>&nbsp;<\/p>\n<p><strong>Cheesecake de Frutas Vermelhas<\/strong><\/p>\n<p>______________________________________________________________<\/p>\n<p><strong>Validade<\/strong>\u00a0(ap\u00f3s a data de fabrica\u00e7\u00e3o): 60 dias se congelado e 5 dias em refrigera\u00e7\u00e3o.<br \/>\nAp\u00f3s o degelo, orienta-se o consumo do produto, n\u00e3o devendo retornar ao freezer.<\/p>\n<p><strong>\u00a0Tempo m\u00e9dio de descongelamento deste produto:<\/strong>\u00a02 horas.<\/p>\n<p>______________________________________________________________<\/p>\n<p><strong>Ingredientes:<\/strong>\u00a0A\u00e7\u00facar, mistura l\u00e1ctea de creme de leite para preparo de cobertura tipo chantilly (creme de leite, \u00e1gua,c\u00e1lcio (cloreto de s\u00f3dio), estabilizantes celulose microcristalina, carboximetilcelulose s\u00f3dica, polisorbato 80 e citrato de s\u00f3dio, emulsificantes mono e diglicer\u00eddeos de \u00e1cidos graxos e lecitina de soja e regulador de acidez fosfato diss\u00f3dico), queijo cremoso, requij\u00e3o, biscoito (farinha de trigo enriquecida com ferro e \u00e1cido f\u00f3lico, gordura vegetal, a\u00e7\u00facar, a\u00e7\u00facar invertido, amido*, soro de leite em p\u00f3, extrato de malte, sal, emulsificante lecitina de soja, fermentos qu\u00edmicos: bicarbonato de am\u00f4nio, bicarbonato de s\u00f3dio e fosfato monoc\u00e1lcico, melhorador de farinha metabissulfito de s\u00f3dio e aromatizantes. * Esp\u00e9cies doadoras do gene do amido de milho: Agrobacterium tumefaciens, Bacillus thuringiensis, Streptomyces viridochromogenes e Zea Mays), morango, amora, margarina (Agrobacterium tumefaciens, Bacillus thuringiensis, Streptomyces viridochromogenes e Zea Mays), ricota, framboesa, \u00e1gua, gema de ovo, suco de lim\u00e3o, gelatina e espessante pectina.<\/p>\n<p><strong>AL\u00c9RGICOS: CONT\u00c9M OVO, DERIVADOS DE LEITE, DE TRIGO E DE SOJA. PODE CONTER AVEIA, AVEL\u00c3, CENTEIO, CEVADA,AMENDOA, AMENDOIM ,CASTANHA -DE-CAJU, NOZES E PISTACHE.<br \/>\nCONT\u00c9M LACTOSE. CONT\u00c9M GL\u00daTEN.<\/strong><\/p>\n<p><img loading=\"lazy\" decoding=\"async\" class=\"aligncenter\" src=\"https:\/\/atelierdossabores.com.br\/zona-sul\/wp-content\/uploads\/sites\/6\/2020\/01\/TAB-INF-NUTRICIONAL.png\" width=\"355\" height=\"423\" \/><\/p>\n<p>&nbsp;<\/p>\n<p>INSTRU\u00c7\u00d5ES DE CONSERVA\u00c7\u00c3O, DESCONGELAMENTO E PREPARO DOS PRODUTOS ATELIER DOS SABORES.<\/p>\n<p><strong>Validade\u00a0(ap\u00f3s a data de fabrica\u00e7\u00e3o):<\/strong>\u00a090 dias se congelado e 5 dias em refrigera\u00e7\u00e3o. Ap\u00f3s o degelo, orienta-se o consumo do produto, n\u00e3o devendo retornar ao freezer.<\/p>\n<p><strong>Quiche (Pr\u00e9-Assado):<\/strong>\u00a0Retire o produto do freezer, mantenha a quiche na forma de papel, pr\u00e9-aque\u00e7a o forno por 10 minutos a 150\u00b0C, leve ao forno por 20 minutos aproximadamente. Ap\u00f3s sair do forno aguarde 15 minutos para esfriar, retire a forma de papel e sirva.<\/p>\n<p>*Todos os nossos salgados devem ser descongelados por aproximadamente\u00a01 hora em refrigera\u00e7\u00e3o antes de serem assados. Os tempos acima sugeridos podem variar de acordo com a pot\u00eancia e tipo de\u00a0forno utilizado, sugerimos ao assar nossos produtos pela primeira vez acompanhe o processo em pequenos intervalos de tempo e, se necess\u00e1rio, ajuste de acordo\u00a0com seu forno.<\/p>\n<p><b>______________________________________________________________<\/b><\/p>\n<p><b>Quiche de Alho Por\u00f3:<\/b><\/p>\n<p><strong>Ingredientes:<\/strong><\/p>\n<p><strong>Ingredientes:\u00a0<\/strong>Creme vegetal UHT para uso culin\u00e1rio (\u00e1gua, gordura vegetal de palma, leite desnatado em p\u00f3, permeado do soro de leite em p\u00f3, soro de leite, parcialmente desmineralizado em p\u00f3, amido modificado, maltodextrina. Emulsificante lecitina de soja. Estabilizantes carboximetilcelulose s\u00f3dica, fosfato diss\u00f3dico e goma alfarroba) farinha de trigo enriquecida com ferro e \u00e1cido f\u00f3lico, alho por\u00f3, clara de ovo, margarina (Agrobacterium sp, Agrobacterium tumefaciens \/Bacillus thuringiensis, Arabidopsis thaliana, Streptomyces viridochromogenes e Zea Mays), gema de ovo, composto l\u00e1cteo com gordura vegetal, cebola , sal, azeite de oliva e noz moscada em p\u00f3.<\/p>\n<p><strong>AL\u00c9RGICOS: CONT\u00c9M OVO, LEITE, DERIVADOS DE LEITE, DE TRIGO E DE SOJA. PODE CONTER AVEIA,AVEL\u00c3, AMENDOIM,AM\u00caNDOA, CENTEIO, CEVADA, CASTANHA-DE-CAJU, NOZES.<\/strong><br \/>\n<strong>CONT\u00c9M LACTOSE. CONT\u00c9M GL\u00daTEN.<\/strong><\/p>\n<p>______________________________________________________________<\/p>\n<p><strong>Tabela Nutricional<\/strong><\/p>\n<p><img decoding=\"async\" class=\"aligncenter\" src=\"https:\/\/atelierdossabores.com.br\/zona-sul\/wp-content\/uploads\/sites\/6\/2020\/01\/tab-nutri-att-17.png\" \/>______________________________________________________________<\/p>\n<p><b>Quiche de Frango com requeij\u00e3o:<\/b><\/p>\n<p><strong>Ingredientes:<\/strong>\u00a0Farinha de trigo enriquecida com ferro e \u00e1cido f\u00f3lico, fil\u00e9 de coxa de frango, fil\u00e9 de peito de frango, requeij\u00e3o, margarina (Agrobacterium sp, Agrobacterium tumefaciens \/Bacillus thuringiensis, Arabidopsis thaliana, Streptomyces viridochromogenes e Zea Mays), gordura vegetal, extrato de tomate, cebola, \u00f3leo de girassol, gema de ovo, alho creme vegetal UHT (\u00c1gua, godura vegetal,leite desnatado em p\u00f3, permeado de soro de leite em p\u00f3, soro de leite em p\u00f3 parcialmente desmineraliado, amido modificado, maltodextrina, emulsificante lecitina de soja, estabilizantes carboximetilcelulose diss\u00f3dica, fosfato de diss\u00f3dico e goma alfarroba), salsa, sal e pimenta do reino.<strong><br \/>\n<\/strong><\/p>\n<p><strong>AL\u00c9RGICOS: CONT\u00c9M OVO, DERIVADOS DE LEITE, DE TRIGO E DE SOJA. PODE CONTER CEVADA, AVEIA, CENTEIO, AMENDOIM, AM\u00caNDOA, NOZES, AVEL\u00c3, PISTACHE E CASTANHA-DE-CAJU.<\/strong><br \/>\n<strong>CONT\u00c9M LACTOSE. CONT\u00c9M GL\u00daTEN.<\/strong><\/p>\n<p>______________________________________________________________<\/p>\n<p><strong>Tabela Nutricional<\/strong><\/p>\n<p><img decoding=\"async\" class=\"aligncenter\" src=\"https:\/\/atelierdossabores.com.br\/zona-sul\/wp-content\/uploads\/sites\/6\/2020\/01\/tab-nutri-att-18.png\" \/>______________________________________________________________<\/p>\n<p><b>Quiche de Queijo:<\/b><\/p>\n<p><strong>Ingredientes:\u00a0<\/strong>Gema de ovo, farinha de trigo enriquecida com ferro e \u00e1cido f\u00f3lico, queijo minas, queijo montanh\u00eas, queijo parmes\u00e3o, queijo mussarela, margarina (Agrobacterium sp, Agrobacterium tumefaciens \/Bacillus thuringiensis, Arabidopsis thaliana, Streptomyces viridochromogenes e Zea Mays),gordura vegetal, clara de ovo, composto l\u00e1cteo com gordura vegetal, sal e pimenta do reino.<\/p>\n<p><strong>AL\u00c9RGICOS: CONT\u00c9M OVO, LEITE, DERIVADOS DE LEITE, DE TRIGO E DE SOJA. PODE CONTER CEVADA, AVEIA, CENTEIO, AMENDOIM, AM\u00caNDOA, NOZES, AVEL\u00c3, PISTACHE E CASTANHA -DE- CAJU.<\/strong><br \/>\n<strong>CONT\u00c9M LACTOSE. CONT\u00c9M GL\u00daTEN.<\/strong><\/p>\n<p>______________________________________________________________<\/p>\n<p><strong>Tabela Nutricional<\/strong><\/p>\n<p><img decoding=\"async\" class=\"aligncenter\" src=\"https:\/\/atelierdossabores.com.br\/zona-sul\/wp-content\/uploads\/sites\/6\/2020\/01\/tab-nutri-att-19.png\" \/><\/p>\n","protected":false},"excerpt":{"rendered":"<p>O nosso Kit M\u00eas das M\u00e3es \u00e9 composto por:<br \/>\n\ud83d\udd384 unidades de Mini Tortas Sortidas<br \/>\n\ud83d\udd386 unidades de Quiches Sortidas<\/p>\n<p><em><strong><a href=\"#tab-description\">Descri\u00e7\u00e3o detalhada.<\/a><\/strong><\/em><\/p>\n","protected":false},"featured_media":25092,"comment_status":"closed","ping_status":"closed","template":"","meta":[],"product_brand":[],"product_cat":[277,61,79],"product_tag":[283,30,280,129,78,34],"class_list":{"0":"post-24875","1":"product","2":"type-product","3":"status-publish","4":"has-post-thumbnail","6":"product_cat-kits-e-promocoes","7":"product_cat-mini-tortas","8":"product_cat-quiches","9":"product_tag-mini","10":"product_tag-mini-torta","11":"product_tag-presente","12":"product_tag-queijo","13":"product_tag-quiche","14":"product_tag-torta","16":"first","17":"instock","18":"sale","19":"featured","20":"shipping-taxable","21":"purchasable","22":"product-type-simple"},"acf":[],"yoast_head":"<!-- This site is optimized with the Yoast SEO plugin v27.5 - https:\/\/yoast.com\/product\/yoast-seo-wordpress\/ -->\n<title>Kit para as M\u00e3es - Atelier dos Sabores<\/title>\n<meta name=\"robots\" content=\"index, follow, max-snippet:-1, max-image-preview:large, max-video-preview:-1\" \/>\n<link rel=\"canonical\" href=\"https:\/\/atelierdossabores.com.br\/v2\/produto\/kit-mes-das-maes\/\" \/>\n<meta property=\"og:locale\" content=\"pt_BR\" \/>\n<meta property=\"og:type\" content=\"article\" \/>\n<meta property=\"og:title\" content=\"Kit para as M\u00e3es - Atelier dos Sabores\" \/>\n<meta property=\"og:description\" content=\"O nosso Kit M\u00eas das M\u00e3es \u00e9 composto por: \ud83d\udd384 unidades de Mini Tortas Sortidas \ud83d\udd386 unidades de Quiches Sortidas  Descri\u00e7\u00e3o detalhada.\" \/>\n<meta property=\"og:url\" content=\"https:\/\/atelierdossabores.com.br\/v2\/produto\/kit-mes-das-maes\/\" \/>\n<meta property=\"og:site_name\" content=\"Atelier dos Sabores\" \/>\n<meta property=\"article:modified_time\" content=\"2026-05-15T17:52:09+00:00\" \/>\n<meta property=\"og:image\" content=\"https:\/\/atelierdossabores.com.br\/v2\/wp-content\/uploads\/2026\/04\/img-kit.jpg\" \/>\n\t<meta property=\"og:image:width\" content=\"1000\" \/>\n\t<meta property=\"og:image:height\" content=\"1000\" \/>\n\t<meta property=\"og:image:type\" content=\"image\/jpeg\" \/>\n<meta name=\"twitter:card\" content=\"summary_large_image\" \/>\n<meta name=\"twitter:label1\" content=\"Est. tempo de leitura\" \/>\n\t<meta name=\"twitter:data1\" content=\"9 minutos\" \/>\n<script type=\"application\/ld+json\" class=\"yoast-schema-graph\">{\"@context\":\"https:\\\/\\\/schema.org\",\"@graph\":[{\"@type\":\"WebPage\",\"@id\":\"https:\\\/\\\/atelierdossabores.com.br\\\/v2\\\/produto\\\/kit-mes-das-maes\\\/\",\"url\":\"https:\\\/\\\/atelierdossabores.com.br\\\/v2\\\/produto\\\/kit-mes-das-maes\\\/\",\"name\":\"Kit para as M\u00e3es - Atelier dos Sabores\",\"isPartOf\":{\"@id\":\"https:\\\/\\\/atelierdossabores.com.br\\\/v2\\\/#website\"},\"primaryImageOfPage\":{\"@id\":\"https:\\\/\\\/atelierdossabores.com.br\\\/v2\\\/produto\\\/kit-mes-das-maes\\\/#primaryimage\"},\"image\":{\"@id\":\"https:\\\/\\\/atelierdossabores.com.br\\\/v2\\\/produto\\\/kit-mes-das-maes\\\/#primaryimage\"},\"thumbnailUrl\":\"https:\\\/\\\/atelierdossabores.com.br\\\/v2\\\/wp-content\\\/uploads\\\/2026\\\/04\\\/img-kit.jpg\",\"datePublished\":\"2026-04-28T18:17:54+00:00\",\"dateModified\":\"2026-05-15T17:52:09+00:00\",\"breadcrumb\":{\"@id\":\"https:\\\/\\\/atelierdossabores.com.br\\\/v2\\\/produto\\\/kit-mes-das-maes\\\/#breadcrumb\"},\"inLanguage\":\"pt-BR\",\"potentialAction\":[{\"@type\":\"ReadAction\",\"target\":[\"https:\\\/\\\/atelierdossabores.com.br\\\/v2\\\/produto\\\/kit-mes-das-maes\\\/\"]}]},{\"@type\":\"ImageObject\",\"inLanguage\":\"pt-BR\",\"@id\":\"https:\\\/\\\/atelierdossabores.com.br\\\/v2\\\/produto\\\/kit-mes-das-maes\\\/#primaryimage\",\"url\":\"https:\\\/\\\/atelierdossabores.com.br\\\/v2\\\/wp-content\\\/uploads\\\/2026\\\/04\\\/img-kit.jpg\",\"contentUrl\":\"https:\\\/\\\/atelierdossabores.com.br\\\/v2\\\/wp-content\\\/uploads\\\/2026\\\/04\\\/img-kit.jpg\",\"width\":1000,\"height\":1000},{\"@type\":\"BreadcrumbList\",\"@id\":\"https:\\\/\\\/atelierdossabores.com.br\\\/v2\\\/produto\\\/kit-mes-das-maes\\\/#breadcrumb\",\"itemListElement\":[{\"@type\":\"ListItem\",\"position\":1,\"name\":\"In\u00edcio\",\"item\":\"https:\\\/\\\/atelierdossabores.com.br\\\/v2\\\/\"},{\"@type\":\"ListItem\",\"position\":2,\"name\":\"Loja\",\"item\":\"https:\\\/\\\/atelierdossabores.com.br\\\/v2\\\/loja\\\/\"},{\"@type\":\"ListItem\",\"position\":3,\"name\":\"Kit para as M\u00e3es\"}]},{\"@type\":\"WebSite\",\"@id\":\"https:\\\/\\\/atelierdossabores.com.br\\\/v2\\\/#website\",\"url\":\"https:\\\/\\\/atelierdossabores.com.br\\\/v2\\\/\",\"name\":\"Atelier dos Sabores\",\"description\":\"Delivery de bolos, tortas, doces e salgados\",\"potentialAction\":[{\"@type\":\"SearchAction\",\"target\":{\"@type\":\"EntryPoint\",\"urlTemplate\":\"https:\\\/\\\/atelierdossabores.com.br\\\/v2\\\/?s={search_term_string}\"},\"query-input\":{\"@type\":\"PropertyValueSpecification\",\"valueRequired\":true,\"valueName\":\"search_term_string\"}}],\"inLanguage\":\"pt-BR\"}]}<\/script>\n<!-- \/ Yoast SEO plugin. -->","yoast_head_json":{"title":"Kit para as M\u00e3es - Atelier dos Sabores","robots":{"index":"index","follow":"follow","max-snippet":"max-snippet:-1","max-image-preview":"max-image-preview:large","max-video-preview":"max-video-preview:-1"},"canonical":"https:\/\/atelierdossabores.com.br\/v2\/produto\/kit-mes-das-maes\/","og_locale":"pt_BR","og_type":"article","og_title":"Kit para as M\u00e3es - Atelier dos Sabores","og_description":"O nosso Kit M\u00eas das M\u00e3es \u00e9 composto por: \ud83d\udd384 unidades de Mini Tortas Sortidas \ud83d\udd386 unidades de Quiches Sortidas  Descri\u00e7\u00e3o detalhada.","og_url":"https:\/\/atelierdossabores.com.br\/v2\/produto\/kit-mes-das-maes\/","og_site_name":"Atelier dos Sabores","article_modified_time":"2026-05-15T17:52:09+00:00","og_image":[{"width":1000,"height":1000,"url":"https:\/\/atelierdossabores.com.br\/v2\/wp-content\/uploads\/2026\/04\/img-kit.jpg","type":"image\/jpeg"}],"twitter_card":"summary_large_image","twitter_misc":{"Est. tempo de leitura":"9 minutos"},"schema":{"@context":"https:\/\/schema.org","@graph":[{"@type":"WebPage","@id":"https:\/\/atelierdossabores.com.br\/v2\/produto\/kit-mes-das-maes\/","url":"https:\/\/atelierdossabores.com.br\/v2\/produto\/kit-mes-das-maes\/","name":"Kit para as M\u00e3es - Atelier dos Sabores","isPartOf":{"@id":"https:\/\/atelierdossabores.com.br\/v2\/#website"},"primaryImageOfPage":{"@id":"https:\/\/atelierdossabores.com.br\/v2\/produto\/kit-mes-das-maes\/#primaryimage"},"image":{"@id":"https:\/\/atelierdossabores.com.br\/v2\/produto\/kit-mes-das-maes\/#primaryimage"},"thumbnailUrl":"https:\/\/atelierdossabores.com.br\/v2\/wp-content\/uploads\/2026\/04\/img-kit.jpg","datePublished":"2026-04-28T18:17:54+00:00","dateModified":"2026-05-15T17:52:09+00:00","breadcrumb":{"@id":"https:\/\/atelierdossabores.com.br\/v2\/produto\/kit-mes-das-maes\/#breadcrumb"},"inLanguage":"pt-BR","potentialAction":[{"@type":"ReadAction","target":["https:\/\/atelierdossabores.com.br\/v2\/produto\/kit-mes-das-maes\/"]}]},{"@type":"ImageObject","inLanguage":"pt-BR","@id":"https:\/\/atelierdossabores.com.br\/v2\/produto\/kit-mes-das-maes\/#primaryimage","url":"https:\/\/atelierdossabores.com.br\/v2\/wp-content\/uploads\/2026\/04\/img-kit.jpg","contentUrl":"https:\/\/atelierdossabores.com.br\/v2\/wp-content\/uploads\/2026\/04\/img-kit.jpg","width":1000,"height":1000},{"@type":"BreadcrumbList","@id":"https:\/\/atelierdossabores.com.br\/v2\/produto\/kit-mes-das-maes\/#breadcrumb","itemListElement":[{"@type":"ListItem","position":1,"name":"In\u00edcio","item":"https:\/\/atelierdossabores.com.br\/v2\/"},{"@type":"ListItem","position":2,"name":"Loja","item":"https:\/\/atelierdossabores.com.br\/v2\/loja\/"},{"@type":"ListItem","position":3,"name":"Kit para as M\u00e3es"}]},{"@type":"WebSite","@id":"https:\/\/atelierdossabores.com.br\/v2\/#website","url":"https:\/\/atelierdossabores.com.br\/v2\/","name":"Atelier dos Sabores","description":"Delivery de bolos, tortas, doces e salgados","potentialAction":[{"@type":"SearchAction","target":{"@type":"EntryPoint","urlTemplate":"https:\/\/atelierdossabores.com.br\/v2\/?s={search_term_string}"},"query-input":{"@type":"PropertyValueSpecification","valueRequired":true,"valueName":"search_term_string"}}],"inLanguage":"pt-BR"}]}},"_links":{"self":[{"href":"https:\/\/atelierdossabores.com.br\/v2\/wp-json\/wp\/v2\/product\/24875","targetHints":{"allow":["GET"]}}],"collection":[{"href":"https:\/\/atelierdossabores.com.br\/v2\/wp-json\/wp\/v2\/product"}],"about":[{"href":"https:\/\/atelierdossabores.com.br\/v2\/wp-json\/wp\/v2\/types\/product"}],"replies":[{"embeddable":true,"href":"https:\/\/atelierdossabores.com.br\/v2\/wp-json\/wp\/v2\/comments?post=24875"}],"wp:featuredmedia":[{"embeddable":true,"href":"https:\/\/atelierdossabores.com.br\/v2\/wp-json\/wp\/v2\/media\/25092"}],"wp:attachment":[{"href":"https:\/\/atelierdossabores.com.br\/v2\/wp-json\/wp\/v2\/media?parent=24875"}],"wp:term":[{"taxonomy":"product_brand","embeddable":true,"href":"https:\/\/atelierdossabores.com.br\/v2\/wp-json\/wp\/v2\/product_brand?post=24875"},{"taxonomy":"product_cat","embeddable":true,"href":"https:\/\/atelierdossabores.com.br\/v2\/wp-json\/wp\/v2\/product_cat?post=24875"},{"taxonomy":"product_tag","embeddable":true,"href":"https:\/\/atelierdossabores.com.br\/v2\/wp-json\/wp\/v2\/product_tag?post=24875"}],"curies":[{"name":"wp","href":"https:\/\/api.w.org\/{rel}","templated":true}]}}